 - 7 - 9. Suppose 4*i - i + y*f = 43187, 72021 = 5*i - 4*f. Is i a prime number?
True
Let m(p) = 2*p**2 + 6*p - 4. Let z be m(1). Is z + ((-692)/8)/(2/(-36)) a composite number?
True
Is (-9)/4 - ((-8580776)/32 + -6) composite?
False
Suppose -30*q + 32*q = 12. Suppose 10 = n + 5*r, 2*n = 4*n - 3*r + q. Suppose n*h = -3*h + 1905. Is h composite?
True
Let z be ((-4)/1)/(-1 - (-29115)/29133). Let v = 9335 - z. Is v a composite number?
False
Suppose -276132 = -10*p - 13*p + 11*p. Is p a composite number?
False
Suppose 0 = 10*u - 100 + 130. Is 2850 + 7 + u + 3 a prime number?
True
Suppose 4*g - 2*m - 2*m - 16 = 0, 0 = -g + 4*m + 16. Suppose g*t + 5*t = -0*t. Suppose 6*y - 2*y - 4*w - 4908 = t, -y + 4*w = -1221. Is y composite?
False
Let p(b) = 3*b**3 + 2*b**2 - 6*b - 2. Let f be p(-3). Let r = -52 - f. Is r/(11 - -4)*(-2047 - 2) a composite number?
False
Let t(u) = -8*u**3 - 3*u**2 - 3*u - 20. Let w be t(-6). Suppose 18156 = 2*p + w. Is p a prime number?
True
Let i = 310 - 312. Is (1 + i)/((-15)/9345) prime?
False
Let w be (-10)/(-15)*2/(-4)*-18. Suppose -3*o + 27 = -3*m, -4*o - 2*m - w + 18 = 0. Suppose 5*u + 2402 = -2*a + o*a, 0 = 5*a + 3*u - 4060. Is a a prime number?
True
Let x(b) = -4*b**3 - 9*b**2 - 10*b - 13. Suppose -32 = 2*z + 4*f, 5*f + 33 = -3*z + 2*f. Is x(z) composite?
False
Suppose 36*b - 144224 - 366724 = 0. Suppose -l + n = -15145 + 946, -2*n = l - b. Is l a composite number?
False
Let k(b) = -623*b - 148. Let n = 3 - 28. Is k(n) composite?
False
Suppose 4*p + 4 = -h - 6, h = 4*p + 14. Let q(u) = u**3 + 3*u**2 + u + 4. Let c be q(p). Suppose 2*w - o + 675 = 4*w, o - c = 0. Is w prime?
True
Let i be (159/42 - (-2)/(-7))*2. Suppose -6150 = 12*a - i*a. Is ((-2)/6)/(5/a) a prime number?
False
Let t be (4 + 22/(-4))/((-3)/32). Is 4/(-16) - (-17460)/t a composite number?
False
Let c be 5556/10*(-14 + 9) - -3. Let d be c/(-10)*52/2. Suppose 500 - d = -5*f. Is f a prime number?
False
Let o(m) = 5*m**2 + 10. Let p(c) = 11*c**2 - c + 20. Let x(k) = 5*o(k) - 2*p(k). Let s be x(-5). Suppose 12*r - 15*r + s = 0. Is r a prime number?
False
Is (69/6 - 12)*-47834 a prime number?
True
Let c = -468861 + 816082. Is c composite?
True
Let y(u) = 209*u**2 - 10*u - 9. Let z be y(-1). Suppose 0 = -z*b + 199*b + 211057. Is b a prime number?
False
Let q = 7 + -4. Suppose -5 = -4*x - v, -x - 7 = -0*v + q*v. Suppose x*p + 3*p - 2225 = 0. Is p a prime number?
False
Let w(v) = v**3 - 7*v**2 + 11*v + 1. Let j be w(4). Let d be j + 1*(-21)/(-3). Suppose -5*z = -d*y - 249, 2*z + 2*z = -2*y + 220. Is z a prime number?
True
Is 9/12*((-7289943)/(-9) - 3) composite?
False
Let t = 25245 + 157610. Is t a prime number?
False
Let y = -318 - -301. Let j(q) = -275*q + 82. Is j(y) a prime number?
False
Let n(u) = 387107*u**2 + 89*u + 1. Is n(1) composite?
False
Is (-20)/(-14) + 569470941/987 prime?
False
Let h = 78451 + -52614. Let k = h - 16710. Is k composite?
False
Let m = -809 + 809. Suppose 3*o - 27694 = 7*c, 3*c = -m*c - 3. Is o a composite number?
True
Suppose -m + 363 + 352 = 0. Let f = m - 416. Is f prime?
False
Let j be ((-1)/((-10)/(-8)))/((-14)/595). Let o = j + -28. Suppose -k + o*w - 5*w = -343, 0 = k + 3*w - 355. Is k a composite number?
True
Suppose -1332 + 3 = -3*a + 3*v, 0 = -v. Is a prime?
True
Let y be 60*3*8/(-60). Let p be y/(-13) - (-12)/78. Suppose 962 = p*o - 0*o. Is o a composite number?
True
Let d(j) = j**3 - 16*j**2 + 38*j + 16. Let k be d(13). Let y(v) = 307*v**2 - 8*v + 2. Is y(k) prime?
True
Let w = 659595 - 340921. Is w prime?
False
Suppose 4*a = 2*h + 309824, 5*a - 387310 = 18*h - 23*h. Is a a composite number?
True
Suppose -145*w + 23535896 + 19881758 = -25297411. Is w a prime number?
False
Let k(v) = -v**2 + 7*v - 10. Let d be k(4). Suppose 0 = -d*c - 14*c + 97840. Is c prime?
False
Let w = -91 - -94. Is w/45*33305 - (-2)/3 prime?
True
Let t(n) = -7*n - 429*n**2 + 447*n**2 - 37 + 13. Is t(10) a prime number?
False
Suppose -293*u + 300*u - 126 = 0. Suppose -15*o - 94101 = -u*o. Is o a prime number?
False
Let f(s) = -s**3 + 92*s**2 + 323*s - 112. Is f(43) a composite number?
True
Let a(o) = -o**3 - 10*o**2 - 22*o + 8. Let g be a(-6). Let w be (14/12)/(g/(-24)). Suppose c + w*c = 2584. Is c composite?
True
Let t(c) = -161*c + 434. Let u be t(-5). Let d(v) = 697*v**3 + v**2 - v + 1. Let f be d(1). Let r = u - f. Is r composite?
False
Let f(m) = -128*m - 986. Let w be f(-9). Let q be 321 - 1*(-2 - 0). Suppose w + q = n. Is n a prime number?
False
Let n = 733 - 488. Let x be (872 - 15)/(0 - -1). Suppose -n = -2*u + x. Is u prime?
False
Is (-26317404)/(-33) + 137/(-1507) composite?
False
Suppose -u - 15 = -d, 0 = 4*d - 24*u + 22*u - 52. Suppose -126559 = -d*s + 36076. Is s a composite number?
True
Let t(r) = 2*r + 24. Let g be t(9). Let y be 9/g*2980*-7. Let a = -2623 - y. Is a composite?
False
Let i(b) = 3*b. Let l be i(4). Suppose 0 = -2*a + 34 - l. Suppose 5*t - 6*t = -a. Is t a composite number?
False
Let z(c) = -13*c**3 + 11*c**2 - 3*c - 219. Is z(-26) a prime number?
True
Is 450042180/315*3/4 a composite number?
False
Suppose 476470 = 5*t - 56*x + 53*x, -x = 5. Is t a prime number?
False
Let g(x) = -4*x**3 + 3*x + 2. Let n be g(-1). Suppose -5*i - 3*z = 18, 5*z = 3*i - n + 7. Is (-2)/(i/(2445/10)) prime?
True
Let v(q) = -q - 1. Let t(h) = -10. Let x(a) = -3*t(a) + 6*v(a). Let z be x(9). Is 1 + 3/(-9) - 2890/z a composite number?
False
Suppose -20972 = -17*x + 8591. Is x a composite number?
True
Is 6/10*(-4)/12*-516655 a prime number?
False
Let b = -22 - -21. Let l(f) = -1297*f + 2. Let s be l(b). Let a = -772 + s. Is a a prime number?
False
Let n = 3002 + -1689. Let z = n - 534. Is z composite?
True
Suppose 2*x + 75 = 91, 0 = -3*f - x + 1448339. Is f a prime number?
False
Let m be 195 + (-10 + 4)*1. Suppose 44 = u - m. Is u composite?
False
Suppose -1431*o - 3064929 = -1452*o. Is o prime?
True
Suppose 0 = -4*s - 160 + 64. Is 3/(9/14108) + (-8)/s a prime number?
True
Suppose -253937 = -x - 4*v, -69 = -5*v - 69. Is x a composite number?
False
Let x(h) be the first derivative of -722*h**3/3 - 3*h**2/2 + 2*h + 15. Let r be x(1). Let z = 68 - r. Is z a prime number?
False
Let r(g) = 1536*g**3 - 12*g**2 + 43*g + 33. Is r(4) a prime number?
True
Suppose -4*u - 4*l - 40 = 0, -u + 0*u - 15 = 2*l. Let z(v) = -v**3 - 4*v**2 + 5*v + 9. Let g be z(u). Let n(c) = 13*c - 34. Is n(g) composite?
False
Let m(a) = -2*a - 4. Let s be m(1). Let p be (656/(-12))/(s/81). Is (p/4 - -5)*2/1 a composite number?
False
Suppose -h = 4*k - k + 43, 3*h = -k - 121. Let c be (520/(-48))/(-13) + (-2585)/(-30). Is (c/(-12))/(2/h) a composite number?
True
Suppose 5*i - 53186 + 17451 = 0. Is i prime?
False
Suppose -3*u - 77 = -8*u + x, u - 2*x - 10 = 0. Suppose -u = -8*k - 0. Suppose k*q + n = 877, -n = -0*q + 3*q - 1316. Is q a prime number?
True
Let w(y) = 0 + 59*y - 5 + 5*y**2 - 9*y + 5*y**2 - 44. Is w(-13) a composite number?
False
Let u be ((-1)/((-2)/(-20)))/(-2). Let w(l) = 11*l**2 + 4*l - 6. Let t(z) = -8*z**2 - 3*z + 6. Let p(j) = 6*t(j) + 5*w(j). Is p(u) a prime number?
True
Let p(v) = v**2 + 4*v - 10. Let d be p(-5). Let u(z) = -1717*z**2 - 3*z + 2. Let c be u(-3). Is (119/(-21) - d) + c/(-6) composite?
True
Suppose 21*p - 23*p + 14423 = d, 3*d + p - 43289 = 0. Is d a composite number?
False
Let o be (-1)/5 - (-17)/85. Suppose o = -13*q + 3*q + 890. Is q a composite number?
False
Suppose -59*x = 3*k - 58*x - 1016272, -2*k = -3*x - 677489. Is k prime?
False
Let c(y) = -y**3 - 3*y**2 + 9*y + 19. Let i be c(-4). Let g(j) = -150*j - 1. Is g(i) a composite number?
False
Let l(i) = -5*i - 8. Let g be l(-2). Suppose 5*n + g*j = 2*n + 3, 2*n = 5*j - 17. Is n/(8/32 + (-71)/268) a prime number?
True
Let a(u) = 5*u**2 + 22*u - 85. Let o be a(8). Let i = o + 10591. Is i a composite number?
True
Let u = 90483 + -43250. Is u a prime number?
False
Suppose -71*j = -68*j - 6. Suppose -5*b = -j*i - 3*i + 35, -2*b - 4 = 0. Suppose -792 = -x - i*t, 3*t + 5 = -2*t. Is x a prime number?
True
Let i be (-25070)/(-2) + 244/(-61). Let b = -434 + i. Is b a prime number?
True
Let w(u) = -4404*u**3 + 4*u + 5. Is w(-2) composite?
True
Suppose 5*i = -0*a + a - 3, -3*i = 4*a - 12. Let l be 13 + -5 - 9/a. Suppose 5*m + 496 = 4*q, q - 4*m + 460 = l*q. Is q a prime number?
False
Suppose 3*c + h = 2